 -1311241 (base 8) to base 9.
-615876
Convert -32a925 (base 11) to base 4.
-2000220031
Convert 232239 (base 10) to base 4.
320230233
-24640604 (base 8) to base 12
-19b1684
What is 10010002111112 (base 3) in base 7?
20032433
Convert 93539 (base 10) to base 2.
10110110101100011
Convert 121201112220 (base 3) to base 5.
41013211
-8b580 (base 13) to base 7
-2104241
Convert -a8557 (base 11) to base 16.
-2681d
Convert 3410161 (base 8) to base 13.
2636c0
Convert -201212200222 (base 3) to base 5.
-100010011
What is 5131143 (base 6) in base 5?
30321343
100001010000010100001 (base 2) to base 11
684784
-a9ee98 (base 15) to base 9
-16214888
Convert -11a10 (base 11) to base 14.
-63a1
Convert d9a91 (base 16) to base 12.
36bb29
12120200111 (base 3) to base 2
11010110100011001
1413123340 (base 5) to base 2
1101111010000000011110
116310 (base 8) to base 4
21303020
What is 12053403 (base 9) in base 4?
112123311102
Convert -200220010211 (base 3) to base 14.
-9975b
What is -681165 (base 11) in base 3?
-2001010021121
What is -33210531 (base 6) in base 11?
-620a23
Convert bdc67 (base 14) to base 13.
1318ca
What is 33311010 (base 4) in base 11?
44792
Convert 428020 (base 11) to base 12.
28bb10
8825a (base 15) to base 16
69997
Convert -11101000011010110111 (base 2) to base 12.
-39ab07
What is -148777 (base 14) in base 15?
-e1c62
What is -1b47a (base 12) in base 4?
-21313132
Convert -10113043224 (base 5) to base 8.
-47166235
What is -212110210 (base 3) in base 13?
-7a34
What is -41142101 (base 5) in base 9?
-558170
73943 (base 11) to base 16
1a460
Convert -7c200 (base 13) to base 3.
-102111212200
What is -24143121 (base 5) in base 12?
-aa102
What is 10010102021 (base 3) in base 4?
33001210
154779 (base 10) to base 15
30cd9
-3424040 (base 5) to base 14
-183d7
Convert 3b2cb (base 14) to base 10.
146003
1011111100111010111 (base 2) to base 15
7b094
What is 736164 (base 15) in base 4?
110323313011
Convert 100112031 (base 4) to base 13.
24627
What is -1b0579 (base 14) in base 13?
-278837
Convert 34cc5e (base 15) to base 9.
4666138
What is 664633 (base 7) in base 9?
187361
Convert 1148182 (base 9) to base 16.
98081
-2447345 (base 8) to base 10
-675557
-68008 (base 12) to base 9
-230568
-b3890 (base 13) to base 11
-200108
What is -11000310200 (base 4) in base 3?
-2110202120122
-281a6 (base 12) to base 4
-31210032
Convert -124625 (base 7) to base 4.
-11223332
15462a (base 12) to base 13
c8011
Convert 10403321 (base 5) to base 15.
1bec6
What is -21ad8 (base 16) in base 9?
-230201
Convert 5a452 (base 13) to base 8.
503216
What is -99767 (base 11) in base 10?
-144668
1830829 (base 12) to base 3
100111001121220
What is 1112122013 (base 4) in base 16?
56687
Convert -1040183 (base 9) to base 7.
-4512234
What is -100011000101010001110 (base 2) in base 10?
-1149582
Convert -830360 (base 10) to base 7.
-10025606
What is 1100110010100011101101 (base 2) in base 6?
155510141
What is -ff0d (base 16) in base 12?
-31951
-12099 (base 12) to base 4
-11323311
What is -10321013200 (base 4) in base 6?
-43253344
-1314310 (base 8) to base 6
-11510040
-113133231 (base 4) to base 15
-1d7ac
Convert -110111101110000111 (base 2) to base 8.
-675607
-25d70 (base 16) to base 4
-211311300
What is 111133332313 (base 4) in base 5?
2420323043
Convert -759a2 (base 11) to base 13.
-3b2bc
Convert 78c6a1 (base 16) to base 2.
11110001100011010100001
What is 31002311 (base 5) in base 12?
100a4b
Convert -244451225 (base 6) to base 2.
-10001111100010100000001
1043011121 (base 5) to base 8
10646106
Convert 2642b2 (base 12) to base 4.
2121222212
Convert -1040414124 (base 5) to base 15.
-300529
Convert -1031425 (base 7) to base 9.
-211024
Convert -53bcc5 (base 13) to base 15.
-28d3d9
-56bd16 (base 14) to base 10
-2952368
-5a074 (base 12) to base 6
-2332224
Convert -121223303 (base 4) to base 8.
-315363
What is -1a06699 (base 13) in base 8?
-40503115
What is 34842 (base 13) in base 7?
546345
Convert -33112013 (base 8) to base 16.
-6c940b
Convert 2001011100 (base 3) to base 15.
bdac
Convert -12313131 (base 5) to base 15.
-25761
Convert -185ab (base 13) to base 14.
-1325d
What is -30143220 (base 6) in base 3?
-1121100210010
What is 864577 (base 10) in base 6?
30310401
What is 11241101 (base 5) in base 2?
11001000011111011
-77359 (base 12) to base 13
-56a57
16054040 (base 7) to base 9
2811338
What is -194089 (base 13) in base 6?
-21354111
106b26 (base 15) to base 6
24433000
dc11 (base 15) to base 5
2442331
What is -23549 (base 12) in base 9?
-72053
What is 210310231201 (base 4) in base 12?
3296341
Convert 10100001101101001000 (base 2) to base 11.
4126a1
What is 82245 (base 10) in base 13?
2b587
What is 2e635 (base 15) in base 9?
247555
Convert -31214025 (base 6) to base 4.
-3130300001
What is -14300100 (base 5) in base 4?
-210220021
10110110110100 (base 2) to base 12
6930
What is -110121101100 (base 3) in base 14?
-66603
Convert -223233013 (base 5) to base 4.
-3302121303
What is -441232 (base 5) in base 12?
-8960
Convert 42402022 (base 5) to base 12.
152394
Convert -475673 (base 10) to base 12.
-1ab335
Convert -5170137 (base 8) to base 16.
-14f05f
Convert 1bc4c (base 14) to base 13.
26431
Convert dbf6e (base 16) to base 7.
10441514
Convert -6161527 (base 8) to base 3.
-10001212101202
Convert 1003121 (base 10) to base 4.
3310321301
Convert -11104001 (base 6) to base 9.
-560761
Convert -220001222111 (base 3) to base 15.
-955e1
Convert bc72e8 (base 16) to base 8.
57071350
55a14 (base 16) to base 5
42210430
What is 302450 (base 6) in base 16?
5d7e
Convert 13342133 (base 5) to base 9.
228138
9691c (base 15) to base 12
1b06b3
Convert -25137131 (base 8) to base 9.
-11404276
Convert 4433403403 (base 5) to base 15.
caee53
142a794 (base 11) to base 14
48036b
Convert -225463105 (base 7) to base 10.
-13847650
Convert 681183 (base 9) to base 11.
259317
Convert 11100021111 (base 3) to base 12.
41587
What is 2702 (base 15) in base 10?
8327
What is -47fcd2 (base 16) in base 9?
-8780515
Convert -1000320013 (base 4) to base 12.
-109947
1151011 (base 7) to base 10
146812
3661414 (base 7) to base 10
468745
-3a098a7 (base 11) to base 9
-14044444
-73023 (base 15) to base 3
-200112001020
Convert 10021123031 (base 4) to base 10.
1087181
What is 10100111112022 (base 3) in base 9?
3314468
What is 440b6 (base 14) in base 12?
7b454
286632 (base 9) to base 4
222311303
What is 96212 (base 13) in base 5?
32124314
12241a4 (base 11) to base 13
596a91
-17573321 (base 9) to base 11
-4aa2704
What is -110011111000101011011 (base 2) in base 12?
-69baa3
Convert 133463364 (base 7) to base 10.
8671233
What is -302332012 (base 4) in base 9?
-347341
What is -47b0 (base 12) in base 15?
-25bc
1b422 (base 16) to base 14
2c990
Convert 2232222121 (base 4) to base 14.
148a13
16564565 (base 7) to base 11
a13332
What is 25785 (base 13) in base 5?
4210044
Convert -df198 (base 16) to base 12.
-3809b4
What is -8790c (base 15) in base 10?
-430662
58d4 (base 14) to base 2
11110001110010
-43200042 (base 5) to base 11
-22a797
What is -420433311 (base 5) in base 14?
-331ab3
Convert 20010033 (base 9) to base 10.
9572529
Convert 1623024 (base 7) to base 9.
371656
Convert 876124 (base 15) to base 11.
3705991
Convert 45689d (base 14) to base 6.
122341031
Convert -105014 (base 8) to base 11.
-24608
Convert -296342 (base 13) to base 2.
-11110111011010000010
-10220012102022 (base 3) to base 5
-1012230130
Convert 285704 (base 14) to base 13.
39c480
What is -77b858 (base 15) in base 8?
-25616320
Convert 141329 (base 16) to base 12.
535435
Convert -4691a (base 14) to base 16.
-29f8c
What is 2101120 (base 6) in base 16?
18be8
2243426 (base 7) to base 15
57d5b
Convert 202202220212211 (base 3) to base 14.
1675799
What is -43401555 (base 6) in base 16?
-13b3ef
Convert -9237 (base 13) to base 12.
-b7b9
-333364 (base 7) to base 2
-1110010111011110
Convert 1554530 (base 6) to base 13.
3349b
What is 43162306 (base 7) in base 3?
20220220212121
What is 40913 (base 14) in base 16?
25f35
What is -1010101100001101011 (base 2) in base 3?
-122210112122
-4c994 (base 16) to base 11
-1a47a6
Convert -12332323312 (base 4) to base 13.
-4c132c
Convert 1aa3d (base 15) to base 13.
305bc
Convert -21304300 (base 5) to base 7.
-1355050
What is -210030133 (base 4) in base 7?
-1155142
Convert -100111210012 (base 3) 